{"id":1894,"date":"2023-03-18T20:05:15","date_gmt":"2023-03-18T20:05:15","guid":{"rendered":"https:\/\/marieroullet.com\/?page_id=1894"},"modified":"2024-01-14T10:56:15","modified_gmt":"2024-01-14T09:56:15","slug":"temoignages","status":"publish","type":"page","link":"https:\/\/marieroullet.com\/index.php\/temoignages\/","title":{"rendered":"T\u00e9moignages"},"content":{"rendered":"<section class=\"wpb-content-wrapper\"><p>[vc_row][vc_column][vc_single_image image=&#8221;2778&#8243; img_size=&#8221;full&#8221; alignment=&#8221;center&#8221;][vc_empty_space][\/vc_column][\/vc_row][vc_row][vc_column custom_w=&#8221;&#8221; overlay=&#8221;yes&#8221; separator=&#8221;yes&#8221; line_w=&#8221;1&#8243; line_h=&#8221;1&#8243; width=&#8221;1\/2&#8243; line_color=&#8221;#898989&#8243;][vc_column_text]<\/p>\n<blockquote><p><span>Excellente coach focalis\u00e9e sur le bien-\u00eatre de la coach\u00e9e et toujours dans la bienveillance et positivit\u00e9. Tr\u00e8s flexible et disponible. Je recommande \u00e0 200%.<\/span><\/p><\/blockquote>\n<p><span>Nathalie 55 ANS \/ <span style=\"color: #f15744;\">RH Belgique<\/span><\/span><\/p>\n<hr align=\"center\" noshade=\"noshade\" width=\"75%\" \/>\n<p>[\/vc_column_text][vc_column_text]<\/p>\n<blockquote><p>Marie m&#8217;a tout de suite mis \u00e0 l&#8217;aise. D\u00e8s notre premi\u00e8re discussion, nos \u00e9changes ont su faire \u00e9merger une probl\u00e9matique loin d&#8217;\u00eatre \u00e9vidente a priori. Elle m\u2019a permis de mieux m\u2019analyser. Appr\u00e9hender les emb\u00fbches, lever les barri\u00e8res ; pointer et d\u00e9terminer ce qui m\u2019anime et ce qui m\u2019importe.<br \/>\nProfessionnellement, elle m\u2019a aid\u00e9 \u00e0 trouver mon chemin et je l\u2019en remercie.<br \/>\nMarie nous accompagne avec s\u00e9r\u00e9nit\u00e9 et bienveillance. Elle met en lumi\u00e8re des passerelles, des connexions entre nos diff\u00e9rentes caract\u00e9ristiques qui nous mettent sur la voie pour voir en nous avec clairvoyance. Elle m\u2019a aiguill\u00e9 et soutenu ; me permettant ainsi de regagner confiance.<br \/>\nOn dirait qu&#8217;elle fait \u00e7a depuis toujours, peut-\u00eatre par ses exp\u00e9riences pass\u00e9es.<\/p><\/blockquote>\n<p><span>Emmanuel 35 ans \/ <span style=\"color: #f15744;\">Entrepreneur<\/span><\/span><\/p>\n<hr align=\"center\" noshade=\"noshade\" width=\"75%\" \/>\n<p>[\/vc_column_text][vc_column_text]<img decoding=\"async\" loading=\"lazy\" src=\"http:\/\/marieroullet.com\/wp-content\/uploads\/2023\/12\/atia-naim-gtmgPEQiH40-unsplash-300x226.jpg\" alt=\"\" width=\"400\" height=\"301\" class=\"aligncenter wp-image-2564\" \/>[\/vc_column_text][vc_column_text]<\/p>\n<blockquote><p>Marie a r\u00e9ussi \u00e0 m&#8217;apporter tout ce dont j\u2019avais besoin. Elle m\u2019a aid\u00e9 \u00e0 d\u00e9finir l\u2019objectif initial de fa\u00e7on tr\u00e8s claire et elle m\u2019a permis de cheminer vers des solutions tout en m\u2019apportant le changement de mindset n\u00e9cessaire ainsi que des tips concrets afin d\u2019enclencher les changements d\u00e8s la fin d\u2019une s\u00e9ance. J\u2019ai particuli\u00e8rement appr\u00e9ci\u00e9 sa pr\u00e9paration pour chaque s\u00e9ance et ses exemples issus du sport.<\/p><\/blockquote>\n<p><span>Adrian 46 ans \/ <span style=\"color: #f15744;\">Dirigeant Fintech<\/span><\/span><\/p>\n<hr align=\"center\" noshade=\"noshade\" width=\"75%\" \/>\n<p>[\/vc_column_text][vc_column_text]<\/p>\n<blockquote><p>J\u2019ai toujours \u00e9t\u00e9 fort, j\u2019ai toujours \u00e9t\u00e9 la branche sur laquelle se reposer, mais de m\u00eame que le roseau plie et le ch\u00eane se rompt, ma solidit\u00e9 s\u2019est effrit\u00e9e au gr\u00e9 de divers \u00e9v\u00e9nements professionnels et d\u2019une mont\u00e9e en tension graduelle\u2026 \u00e0 un moment, j\u2019ai senti que j\u2019avais besoin d\u2019une bou\u00e9e, non pas de qlq\u2019un sur qui me reposer, mais d\u2019une oreille attentive et bienveillante, d\u2019un regard ext\u00e9rieur pour m\u2019aider \u00e0 refaire surface. Par petite touche et me laissant le temps de d\u00e9canter, Marie m\u2019a insuffl\u00e9 une nouvelle direction et m\u2019a donn\u00e9 qlq trucs pour garder le cap\u2026 ma gratitude \u00e9ternelle !<\/p><\/blockquote>\n<p><span>Pascal 47 ans \/ <span style=\"color: #f15744;\">Manager Digital Belgique<\/span><\/span><\/p>\n<hr align=\"center\" noshade=\"noshade\" width=\"75%\" \/>\n<p>[\/vc_column_text][vc_column_text]<\/p>\n<blockquote><p>Nous avons d\u00e9but\u00e9 le coaching apr\u00e8s une p\u00e9riode tr\u00e8s difficile pour moi avec une perte d\u2019envie, de confiance en soi et de productivit\u00e9.<br \/>\nMarie a su travailler sur moi par \u00e9tape pour qu&#8217;au bout de quelques s\u00e9ances, je sois en pleine possession de mes moyens.<br \/>\nUne confiance s\u2019est naturellement install\u00e9e ce qui a permis de travailler sur les objectifs d\u00e9finis en d\u00e9but de coaching.<br \/>\nElle a su d\u00e9finir mes besoins et mes attentes.<br \/>\nMerci Marie pour ce coaching.<\/p><\/blockquote>\n<p><span>Mathieu 33 ans \/ <span style=\"color: #f15744;\">Manager<\/span><\/span>[\/vc_column_text][vc_column_text]<img decoding=\"async\" loading=\"lazy\" src=\"http:\/\/marieroullet.com\/wp-content\/uploads\/2023\/12\/stage_1693823078-300x300.jpeg\" alt=\"\" width=\"500\" height=\"500\" class=\"aligncenter wp-image-2563\" \/>[\/vc_column_text][\/vc_column][vc_column custom_w=&#8221;&#8221; width=&#8221;1\/2&#8243;][vc_column_text]<img decoding=\"async\" loading=\"lazy\" src=\"http:\/\/marieroullet.com\/wp-content\/uploads\/2023\/12\/Capture-decran-2023-12-04-a-17.41.56.png\" alt=\"\" width=\"400\" height=\"532\" class=\"aligncenter wp-image-2568\" \/>[\/vc_column_text][vc_column_text]<\/p>\n<blockquote><p>Marie, c\u2019est une rencontre. J\u2019ai su en 30 secondes lors du premier appel que je pouvais avoir confiance et que j\u2019allais avancer.<br \/>\nLe coaching est intervenu apr\u00e8s plus de 10 ans dans diff\u00e9rents r\u00f4les, quelques d\u00e9ceptions pros et une confiance en moi qui s\u2019est effrit\u00e9e sans faire de bruit malgr\u00e9 les apparences. Avec beaucoup de bienveillance et d\u2019\u00e9nergie, Marie m\u2019a fait prendre conscience de mes croyances, de mes juges qui me freinaient et m\u2019emp\u00eachaient de m\u2019\u00e9panouir professionnellement. Le process n\u2019a pas \u00e9t\u00e9 un long fleuve tranquille, Marie m\u2019a fait creuser des \u00e9l\u00e9ments que j\u2019aurais pr\u00e9f\u00e9r\u00e9 survoler, elle m\u2019a laiss\u00e9 le temps de d\u00e9canter, revenir dessus.<br \/>\nJe termine cet accompagnement avec une confiance retrouv\u00e9e, des outils pour la maintenir et surtout tr\u00e8s align\u00e9 avec moi-m\u00eame. Un immense merci, Marie, et pour ceux qui h\u00e9siteraient encore : foncez !<\/p><\/blockquote>\n<p><span>Guillaume 34 ANS \/ <span style=\"color: #f15744;\">Manager Belgique<\/span><\/span><\/p>\n<hr align=\"center\" noshade=\"noshade\" width=\"75%\" \/>\n<p>[\/vc_column_text][vc_column_text]<\/p>\n<blockquote><p>Arriv\u00e9 dans un moment de la vie o\u00f9 l&#8217;on se pose beaucoup de questions, des moments de doutes et j&#8217;en passe. Marie m&#8217;a accompagn\u00e9 sur le chemin de la reconqu\u00eate de la confiance en soi. Dot\u00e9e de plusieurs cordes \u00e0 son arc, Marie est une coach hors pair qui propose plusieurs m\u00e9thodes afin d&#8217;atteindre nos objectifs.<br \/>\nLes probl\u00e8mes sont en nous mais les solutions aussi et elle sait nous le rappeler!<br \/>\nEncore merci pour tout Marie.<\/p><\/blockquote>\n<p><span>Louis 32 ans \/ <span style=\"color: #f15744;\">Ing\u00e9nieur<\/span><\/span><\/p>\n<hr align=\"center\" noshade=\"noshade\" width=\"75%\" \/>\n<p>[\/vc_column_text][vc_column_text]<img decoding=\"async\" loading=\"lazy\" src=\"http:\/\/marieroullet.com\/wp-content\/uploads\/2023\/12\/stage_1693823062-300x300.jpeg\" alt=\"\" width=\"500\" height=\"500\" class=\"aligncenter wp-image-2547\" \/>[\/vc_column_text][vc_column_text]<\/p>\n<blockquote><p>Je vois vraiment une am\u00e9lioration au niveau prise de conscience des alertes et au niveau du recul. J&#8217;ai moins peur de ce que les autres pourraient penser de moi. Merci d\u00e9j\u00e0 de m&#8217;avoir amen\u00e9e aussi loin \ud83d\ude42<\/p><\/blockquote>\n<p><span>Nathalie 51 ans \/ <span style=\"color: #f15744;\">Directrice des Ressources Humaines<\/span><\/span>[\/vc_column_text][vc_column_text]<\/p>\n<blockquote><p>Ces instants ont \u00e9t\u00e9 pr\u00e9cieux pour moi car ils m\u2019ont oblig\u00e9e \u00e0 prendre du temps pour moi, \u00e0 me poser et \u00e0 me poser des questions.<br \/>\nJ\u2019ai aussi pu constater \u00e0 quel point les choses sont vraiment ancr\u00e9es et surtout lorsque ce sont des moyens de survie mis en place par notre cerveau.<br \/>\nAujourd\u2019hui, je pense souvent \u00e0 certaines phrases ou mots et cela m\u2019aide et des fois m\u00eame stoppe un fil de pens\u00e9es, une fa\u00e7on de penser, qui n\u2019est pas bon pour moi.<br \/>\nMerci encore \ud83d\ude42<\/p><\/blockquote>\n<p><span>Jeanne 40 ans \/ <span style=\"color: #f15744;\">Entrepreneur<\/span><\/span>[\/vc_column_text][\/vc_column][\/vc_row]<\/p>\n<\/section>","protected":false},"excerpt":{"rendered":"<p>[vc_row][vc_column][vc_single_image image=&#8221;2778&#8243; img_size=&#8221;full&#8221; alignment=&#8221;center&#8221;][vc_empty_space][\/vc_column][\/vc_row][vc_row][vc_column custom_w=&#8221;&#8221; overlay=&#8221;yes&#8221; separator=&#8221;yes&#8221; line_w=&#8221;1&#8243; line_h=&#8221;1&#8243; width=&#8221;1\/2&#8243; line_color=&#8221;#898989&#8243;][vc_column_text] Excellente coach focalis\u00e9e sur le bien-\u00eatre de la coach\u00e9e et toujours dans la bienveillance et positivit\u00e9. Tr\u00e8s flexible et disponible. Je recommande \u00e0 200%. Nathalie 55 ANS \/ RH Belgique [\/vc_column_text][vc_column_text] Marie m&#8217;a tout de suite mis \u00e0 l&#8217;aise. [&hellip;]<\/p>\n","protected":false},"author":1,"featured_media":0,"parent":0,"menu_order":0,"comment_status":"closed","ping_status":"closed","template":"","meta":[],"_links":{"self":[{"href":"https:\/\/marieroullet.com\/index.php\/wp-json\/wp\/v2\/pages\/1894"}],"collection":[{"href":"https:\/\/marieroullet.com\/index.php\/wp-json\/wp\/v2\/pages"}],"about":[{"href":"https:\/\/marieroullet.com\/index.php\/wp-json\/wp\/v2\/types\/page"}],"author":[{"embeddable":true,"href":"https:\/\/marieroullet.com\/index.php\/wp-json\/wp\/v2\/users\/1"}],"replies":[{"embeddable":true,"href":"https:\/\/marieroullet.com\/index.php\/wp-json\/wp\/v2\/comments?post=1894"}],"version-history":[{"count":89,"href":"https:\/\/marieroullet.com\/index.php\/wp-json\/wp\/v2\/pages\/1894\/revisions"}],"predecessor-version":[{"id":2779,"href":"https:\/\/marieroullet.com\/index.php\/wp-json\/wp\/v2\/pages\/1894\/revisions\/2779"}],"wp:attachment":[{"href":"https:\/\/marieroullet.com\/index.php\/wp-json\/wp\/v2\/media?parent=1894"}],"curies":[{"name":"wp","href":"https:\/\/api.w.org\/{rel}","templated":true}]}}